vided by w.
10
What is the remainder when 1328 is divided by 627/9 - (14 + (-516)/36)?
68
Suppose -5 - 22 = -r. What is the remainder when 62 is divided by r?
8
Suppose 5 - 3 = t. Suppose 2*b + 0*w - w - 129 = 0, -154 = -t*b - 4*w. Let l(h) = -h**3 - 2*h**2 + 5*h + 5. Calculate the remainder when b is divided by l(-4).
16
What is the remainder when 371 is divided by 33 + 7 + -16 + 10?
31
Suppose -8*y - 3 = -3. Suppose f + p - 13 = y, -7*p - 37 = -3*f - 12*p. Calculate the remainder when 24 is divided by f.
10
Suppose -10 = 5*y + 2*k - 1, -3*y = -3*k - 3. Let q be y + (5 - 4) + -9. What is the remainder when (-8 + 0)/(6/q) is divided by 5?
2
Suppose -108 = -4*f - 8*f. Calculate the remainder when 106 is divided by f.
7
Let x(o) = 23*o + 17. Let g be x(9). Suppose -4*l - 12 = -g. Calculate the remainder when l is divided by 11/(-11) + (1 - -14).
11
Suppose 23 = -z + 113. What is the remainder when z is divided by (1 + 0)/((-9)/(-207))?
21
Suppose 5*t - 26 = 19. Suppose -4*g + 5*c + 143 = 0, -c - t = -g + 26. Calculate the remainder when g is divided by 11.
10
Suppose 0*y + 4 = 2*y. Suppose -4*x + 7 = 5*k, -k = y*k - 4*x - 17. Calculate the remainder when (-1 - k)*5/(-5) is divided by 2.
0
Let p = 621 + -354. Calculate the remainder when p is divided by 18.
15
Let k(o) = -o**3 + 10*o**2 + 26. What is the remainder when k(10) is divided by 5?
1
Let f(w) = w - 4. Suppose -3*l = -5*o + 3, 0 = -3*o - 9. Let k = l + 14. Calculate the remainder when 7 is divided by f(k).
3
Let h(q) = -q**3 - 4*q**2 - q + 6. Let y be h(-3). Calculate the remainder when 46 is divided by ((-28)/21)/(y - 3/18).
6
Let u = -220 - -256. Calculate the remainder when 178 is divided by u.
34
What is the remainder when (2 - 0)/(-1) - (7 - 148) is divided by 75?
64
What is the remainder when 23 is divided by 150/(-25) + 3*3?
2
Let y(g) = g**3 + 8*g**2 - 2*g - 51. Suppose -3*x = -49 - 5. Calculate the remainder when y(-6) is divided by x.
15
Calculate the remainder when 42 is divided by 1*(-4*46/(-8) + -1).
20
Let c = 15 - 15. Let b(f) = -f - 1. What is the remainder when (2 - c)*(-39)/(-26) is divided by b(-2)?
0
Let c(u) = u**3 - 10*u**2 + 3*u - 9. Let v = -13 + 21. What is the remainder when c(10) is divided by v?
5
Suppose -4*p + p = 2*u - 96, 0 = 4*u - 4*p - 172. Calculate the remainder when 269 is divided by u.
44
Suppose -3*f + 5*b = -0*f + 8, -43 = 3*f + 2*b. Let g(c) = -c**2 - 11*c + 15. What is the remainder when 58 is divided by g(f)?
13
Suppose 2*k - 38 - 30 = 0. Suppose -4*x + k = -26. Calculate the remainder when 73 is divided by x.
13
Let c = -62 - -58. Calculate the remainder when (-470)/c + (-13)/26 is divided by 41.
35
Suppose 0 = 2*n - 3*u - 0*u + 1, 0 = 3*n - 5*u + 3. What is the remainder when 82/n - 6/4 is divided by 7?
5
Let c = 28 - 4. Suppose 5*r + 58 = 3*k, k - 10 = 2*r - r. Let x = 27 + r. Calculate the remainder when c is divided by x.
11
Suppose -86 = 2*y - 942. What is the remainder when y is divided by 44?
32
Let t = -68 - -118. Suppose 0 = k + 2, 5*c - 199 + 152 = k. Calculate the remainder when t is divided by c.
5
Suppose -4*d = 2*i - 718, 14*d - 3*i = 19*d - 896. Calculate the remainder when d is divided by 95.
86
Suppose 4*d = -4 + 12, 5*d = -4*m + 114. What is the remainder when m is divided by 7?
5
Let a(v) = -3*v + 12. Let s be a(3). Suppose 3*z - 5 = 7, 2*t + s*z = 40. Calculate the remainder when 67 is divided by t.
11
Let y be 2 - (0 + (-4 - -3)). Let o = -1 + y. Suppose -4*l - 13 = -5*b, o*l = -0*l + 6. Calculate the remainder when 13 is divided by b.
3
What is the remainder when 237 is divided by (0 + 7 + -9)/((-1)/6)?
9
What is the remainder when 20/(-105)*-3162 + (-8)/28 is divided by 5?
2
Suppose -2*g - g = 12. Let u = -237 - -240. Let p = u - g. What is the remainder when 11 is divided by p?
4
Let t(v) = -v + 9. Suppose 4*k + 4 = -2*r, 9 = -3*r - 2*k - 3*k. What is the remainder when t(-17) is divided by r/20 - 74/(-10)?
5
Let g = 817 - 752. Calculate the remainder when g is divided by 87/5 - (-6)/(-15).
14
Suppose 0*v - 92 = 4*v. Let t = -19 - v. What is the remainder when t is divided by 12/54 - 25/(-9)?
1
Let x(k) = k**3 + 8*k**2 - 10*k - 10. Let s(w) = -8*w - 1. Let m be s(1). Let b be x(m). Calculate the remainder when (-6)/12*(b - 79) is divided by 21.
19
Suppose -3709 = -3*r - 742. What is the remainder when r is divided by 22?
21
Let k(u) = -943 - 2*u**3 - 5*u + 3*u + 947. What is the remainder when 62 is divided by k(-2)?
14
Let u = 49 + -25. Let y(d) = -25*d - 5. Let h(j) = j**3 + 3*j**2 - 3*j. Let k be h(-4). What is the remainder when y(k) is divided by u?
23
Let i = -13 - -7. Let w(n) = -n**2 - 6*n + 3. Suppose 3*a = 2*o + 1, 0*a + 2*o = a + 1. Calculate the remainder when w(i) is divided by a.
0
Let c = -831 - -889. What is the remainder when 753 is divided by c?
57
Let x(l) = 9 + 7*l**3 - 5*l**3 + l**3 + 7*l - 2*l**3 - 6*l**2. What is the remainder when x(5) is divided by 4?
3
Let l(n) = -3*n**3 - 2*n**2 + n + 2. Calculate the remainder when 4 + (-2)/((-20)/750) is divided by l(-2).
15
Let l = -1049 + 1077. Let f(d) = -38*d + 3. What is the remainder when f(-5) is divided by l?
25
Let j(x) = -29 + 14 + 10 - 23*x. Let o(s) = s. Let c be o(-2). Calculate the remainder when j(c) is divided by 22.
19
Let j(t) = -t**3 + 12*t**2 + 6*t + 25. Let x be j(10). Suppose x + 519 = 12*k. What is the remainder when k is divided by ((-17)/1)/(-1 - 0)?
16
Suppose -9*n = -5*n - 84. Let d(s) = s**2 - 20*s - 17. Calculate the remainder when 14 is divided by d(n).
2
Suppose 1 = -v + 6. Suppose -2*g - v*j + 31 = -5, 33 = 3*g - 3*j. What is the remainder when (148/(-8))/((-2)/4) is divided by g?
11
Let h = -26 + 34. Let t(k) = -33*k - 2. What is the remainder when t(-1) is divided by h?
7
Let s be (-1 + -1)/(30/(-45)). Suppose s*u - 32 = -2*u + 4*k, 2*u - 23 = 5*k. Calculate the remainder when u is divided by 3.
1
Suppose -2*y = -7*y + 40. Let x be 1/(178/(-90) + 2). Let m = x + -30. Calculate the remainder when m is divided by y.
7
Let c = 3 - 0. Suppose 3 + 192 = c*g. Calculate the remainder when g is divided by ((-99)/(-12))/(6/16).
21
Suppose -13*u + 16*u = 33. What is the remainder when 26 is divided by u?
4
Let l(t) = t**3 - 6*t**2 + 2*t - 1. Let q be l(6). Let n = q + 6. Suppose -c + 3*c + 232 = 5*y, -5*c = 4*y - 212. What is the remainder when y is divided by n?
14
Let r(h) = 18*h - 14. Let v be 12/(-10)*2/(12/(-15)). Calculate the remainder when 78 is divided by r(v).
38
Let u = 15 - 15. Suppose -3*x = -6 - u. What is the remainder when 34 is divided by (-2)/(0 + x/(-9))?
7
Let o(h) = -24*h**3 + h**2 + 3*h + 2. What is the remainder when (3 - -3 - 7)/((-2)/186) is divided by o(-1)?
21
Let w(x) = x**3 - x**2 - 3*x - 3. Let s be w(3). Suppose -s = -3*o + 30. What is the remainder when 41 is divided by o?
5
Suppose 2*a - 2136 = -6*a. Suppose 105*q - 102*q = a. What is the remainder when q is divided by 10?
9
Let l be 3/((-13)/(-5) + -2). Suppose -104 = -l*n + 271. Suppose -n = -4*w + 73. Calculate the remainder when w is divided by 10.
7
Let z(p) = -p**2 - 19*p + 5. Let b be z(-9). Suppose 3*r + b = 5*r - c, 4*r + 3*c - 185 = 0. What is the remainder when 87 is divided by r?
40
Let l(p) = -6*p**3 - 2*p**2 - 4*p - 3. Let b be l(-1). Suppose -b*h = -138 - 127. What is the remainder when h is divided by 9?
8
Let c(f) = f**2 - 298*f + 1771. Calculate the remainder when 87/3 - (0 + 1) is divided by c(6).
9
Let o be (-1)/(-3) - (-20)/12. Suppose 8 = -q + o*q. Calculate the remainder when (11/(-3))/((-5)/30) is divided by q.
6
Let b = 702 + -683. Calculate the remainder when 73 is divided by b.
16
Suppose 20*g = 1084 + 3276. What is the remainder when g is divided by 45?
38
Let x(g) be the first derivative of g**3/3 - 3*g**2/2 + 2*g + 2. What is the remainder when ((-45)/(-15))/((-3)/(-14)) - 3 is divided by x(4)?
5
Let x(r) = -8*r + 3. Let f = 860 - 853. What is the remainder when x(-3) is divided by f?
6
Let w be 3*(2/(-6) - (-15)/9). Suppose -5*b + 4*d + 133 = 0, 5*b = 3*b + w*d + 58. What is the remainder when 44 is divided by b?
19
Let t(o) = 120*o**2 + 1. Suppose -1483 = -27*a - 646. Calculate the remainder when t(-1) is divided by a.
28
Suppose 5*l - j - 25 = 86, -7 = -l + 4*j. What is the remainder when 41 is divided by l?
18
Let 